{"id":106,"date":"2025-08-26T11:56:25","date_gmt":"2025-08-26T09:56:25","guid":{"rendered":"https:\/\/rapa-g4ajg9g0cyhyd9dz.spaincentral-01.azurewebsites.net\/\/?page_id=106"},"modified":"2025-10-10T11:34:45","modified_gmt":"2025-10-10T09:34:45","slug":"desarrollo-de-la-fiesta-paso-a-paso","status":"publish","type":"page","link":"https:\/\/rapadasbestas.gal\/?page_id=106&lang=es","title":{"rendered":"Desarrollo de la Fiesta: Paso a Paso"},"content":{"rendered":"\n<h2 class=\"wp-block-heading\">La Subida al Monte y la B\u00fasqueda de las Bestas<\/h2>\n\n\n\n<p>La fiesta de la Rapa comienza temprano, a las 6 de la ma\u00f1ana, con fuegos artificiales y el toque de campanas que anuncian el inicio de la fiesta con la misa en honor al patr\u00f3n de Sabucedo, San Lourenzo. En la misa matutina se pide protecci\u00f3n para los animales, los vecinos de Sabucedo y los visitantes se dirigen hacia los montes.<\/p>\n\n\n\n<p>Tras finalizar la misa, los vecinos y visitantes se dirigen a O Celeiro, que es el punto de encuentro de todos para iniciar la subida al monte a buscar las manadas, que comienza con el grito &#8220;Xente \u00f3 monte&#8221;.<\/p>\n\n\n\n<p>La gente se divide en grupos para localizar las manadas de caballos salvajes (\u00abgrea\u00bb) y se va creando un camino cercado por los vecinos y visitantes que va conduciendo a todas las manadas hacia un punto central llamado \u00abO Pe\u00f3n\u00bb, situado en Montouto. Una vez que la gente descansa, los caballos son guiados hacia el cierre de O Castelo.<\/p>\n\n\n\n<h2 class=\"wp-block-heading\">A Baixa<\/h2>\n\n\n\n<p>El s\u00e1bado por la ma\u00f1ana se inicia el descenso de las manadas desde O Castelo al cierre de Cataroi, situado en la parte alta de Sabucedo, este es uno de los principales atractivos de la Rapa das Bestas ya que hay que guiar a todas las mandas a trav\u00e9s del pueblo hasta el cierre.<\/p>\n\n\n\n<p>Es uno de los momentos m\u00e1s espectaculares. Cientos de personas a pie y a caballo se coordinan para reunir a las manadas dispersas y guiarlas en una emocionante bajada hasta el pueblo.<\/p>\n\n\n\n<h2 class=\"wp-block-heading\">O Curro: El Momento de la Verdad (S\u00e1bado, Domingo y Lunes)<\/h2>\n\n\n\n<p>15 minutos antes de cada Curro se llevan grandes manadas de caballos desde Cataroi, atravesando todo el pueblo de Sabucedo, hasta el Curro Novo.<\/p>\n\n\n\n<p>Cada a\u00f1o hay 3 Curros en los que se aloitan las bestas (unas 200-300 bestas por curro), lugar donde tiene lugar la limpieza y desparasitaci\u00f3n de las bestas y momento \u00e1lgido de la fiesta.<\/p>\n\n\n\n<h2 class=\"wp-block-heading\">La Verbena y la M\u00fasica de la Rapa<\/h2>\n\n\n\n<p>Las noches de la Rapa son de fiesta popular en la \u00abCarballeira do Campo do Medio\u00bb, con verbenas animadas por las mejores orquestas y grupos de m\u00fasica tradicional.<\/p>\n\n\n\n<p>Adem\u00e1s de las orquestas, la Rapa ofrece m\u00fasica folcl\u00f3rica y tradicional gallega, con actuaciones de conocidos artistas y agrupaciones que amenizan la espera en el Curro. Las celebraciones comienzan el s\u00e1bado por la ma\u00f1ana con el sonido de los gaiteros en las calles del pueblo y culminan con la m\u00fasica de las gaitas en el Curro por la tarde. El recinto de la fiesta cuenta con bares y puestos de comida para disfrutar de la experiencia completa.<\/p>\n\n\n\n<h2 class=\"wp-block-heading\">Solta das bestas<\/h2>\n\n\n\n<p>El lunes por la tarde, tras el \u00faltimo Curro, se realiza la solta das bestas que consiste en liberar a los caballos que se dirigen a las monta\u00f1as hasta el a\u00f1o siguiente.<\/p>\n","protected":false},"excerpt":{"rendered":"<p>La Subida al Monte y la B\u00fasqueda de las Bestas La fiesta de la Rapa comienza temprano, a las 6 de la ma\u00f1ana, con fuegos artificiales y el toque de campanas que anuncian el inicio de la fiesta con la misa en honor al patr\u00f3n de Sabucedo, San Lourenzo. En la misa matutina se pide [&hellip;]<\/p>\n","protected":false},"author":1,"featured_media":577,"parent":7,"menu_order":0,"comment_status":"closed","ping_status":"closed","template":"templates\/page.php","meta":{"_acf_changed":false,"footnotes":""},"class_list":["post-106","page","type-page","status-publish","has-post-thumbnail","hentry"],"acf":[],"_links":{"self":[{"href":"https:\/\/rapadasbestas.gal\/index.php?rest_route=\/wp\/v2\/pages\/106","targetHints":{"allow":["GET"]}}],"collection":[{"href":"https:\/\/rapadasbestas.gal\/index.php?rest_route=\/wp\/v2\/pages"}],"about":[{"href":"https:\/\/rapadasbestas.gal\/index.php?rest_route=\/wp\/v2\/types\/page"}],"author":[{"embeddable":true,"href":"https:\/\/rapadasbestas.gal\/index.php?rest_route=\/wp\/v2\/users\/1"}],"replies":[{"embeddable":true,"href":"https:\/\/rapadasbestas.gal\/index.php?rest_route=%2Fwp%2Fv2%2Fcomments&post=106"}],"version-history":[{"count":3,"href":"https:\/\/rapadasbestas.gal\/index.php?rest_route=\/wp\/v2\/pages\/106\/revisions"}],"predecessor-version":[{"id":722,"href":"https:\/\/rapadasbestas.gal\/index.php?rest_route=\/wp\/v2\/pages\/106\/revisions\/722"}],"up":[{"embeddable":true,"href":"https:\/\/rapadasbestas.gal\/index.php?rest_route=\/wp\/v2\/pages\/7"}],"wp:featuredmedia":[{"embeddable":true,"href":"https:\/\/rapadasbestas.gal\/index.php?rest_route=\/wp\/v2\/media\/577"}],"wp:attachment":[{"href":"https:\/\/rapadasbestas.gal\/index.php?rest_route=%2Fwp%2Fv2%2Fmedia&parent=106"}],"curies":[{"name":"wp","href":"https:\/\/api.w.org\/{rel}","templated":true}]}}