{"id":108,"date":"2025-08-26T12:01:24","date_gmt":"2025-08-26T10:01:24","guid":{"rendered":"https:\/\/rapa-g4ajg9g0cyhyd9dz.spaincentral-01.azurewebsites.net\/\/?page_id=108"},"modified":"2025-09-11T16:22:51","modified_gmt":"2025-09-11T14:22:51","slug":"el-paisaje-de-sabucedo","status":"publish","type":"page","link":"https:\/\/rapadasbestas.gal\/?page_id=108&lang=es","title":{"rendered":"El Paisaje de Sabucedo"},"content":{"rendered":"\n<h2 class=\"wp-block-heading\">Un Ecosistema \u00danico<\/h2>\n\n\n\n<p>El entorno de Sabucedo se caracteriza por ser un mosaico de monte bajo, bosques aut\u00f3ctonos y prados. Esta diversidad es el h\u00e1bitat perfecto para las \u00abbestas\u00bb y multitud de otras especies. La gesti\u00f3n tradicional del monte, realizada por los vecinos, ha permitido conservar este equilibrio durante siglos.<\/p>\n\n\n\n<h2 class=\"wp-block-heading\">Montouto<\/h2>\n\n\n\n<p>Las \u00abbestas\u00bb est\u00e1n presentes en un \u00e1rea de aproximadamente 3.000 hect\u00e1reas de bosque conocido como Monte Montouto, perteneciente a los municipios de A Estrada, Cerdedo-Cotobade, Campolameiro y Cuntis.<\/p>\n\n\n\n<h2 class=\"wp-block-heading\">\u00abToxeiras\u00bb y \u00abMatogueiras\u00bb<\/h2>\n\n\n\n<p>A pesar de las calificaciones despectivas que reciben, desde un punto de vista ambiental, los matorrales y las &#8220;toxeiras&#8221; (brezales) son uno de los h\u00e1bitats con mayor riqueza de fauna y flora. Proporcionan una fuente importante de nitr\u00f3geno para el suelo y sirven como alimento para el ganado y refugio para la fauna. A pesar de ser econ\u00f3micamente improductivo, este ecosistema es muy valioso para la biodiversidad.<\/p>\n\n\n\n<h2 class=\"wp-block-heading\">El Rol de las Bestas<\/h2>\n\n\n\n<p>Adem\u00e1s, la continuidad del uso tradicional de estos animales favorece la conservaci\u00f3n del h\u00e1bitat y la preservaci\u00f3n de una poblaci\u00f3n de caballos end\u00e9mica. Estos caballos son una parte fundamental de los ecosistemas de la sierra gallega, ayudando a controlar la biomasa al alimentarse de aulagas y hierbas, lo que los convierte en un aliado clave en la prevenci\u00f3n de incendios forestales.<\/p>\n\n\n\n<h2 class=\"wp-block-heading\">El Monte en la Tradici\u00f3n<\/h2>\n\n\n\n<p>El monte no es solo el hogar de los caballos; es una parte fundamental de la identidad de Sabucedo.<\/p>\n\n\n\n<p>La \u00abBaixa\u00bb es como se conoce en Sabucedo la reuni\u00f3n de las \u201cbestas\u201d que viven libres en el monte de Montouto durante todo el a\u00f1o para conducirlas hasta la parroquia, donde permanecer\u00e1n durante tres d\u00edas.<\/p>\n\n\n\n<p>Este acto es el momento culminante de una relaci\u00f3n de un a\u00f1o entero, en el que los vecinos cuidan y vigilan el territorio, protegi\u00e9ndolo de incendios y asegurando el bienestar de la manada.<\/p>\n","protected":false},"excerpt":{"rendered":"<p>Un Ecosistema \u00danico El entorno de Sabucedo se caracteriza por ser un mosaico de monte bajo, bosques aut\u00f3ctonos y prados. Esta diversidad es el h\u00e1bitat perfecto para las \u00abbestas\u00bb y multitud de otras especies. La gesti\u00f3n tradicional del monte, realizada por los vecinos, ha permitido conservar este equilibrio durante siglos. Montouto Las \u00abbestas\u00bb est\u00e1n presentes [&hellip;]<\/p>\n","protected":false},"author":1,"featured_media":580,"parent":17,"menu_order":0,"comment_status":"closed","ping_status":"closed","template":"templates\/page.php","meta":{"_acf_changed":false,"footnotes":""},"class_list":["post-108","page","type-page","status-publish","has-post-thumbnail","hentry"],"acf":[],"_links":{"self":[{"href":"https:\/\/rapadasbestas.gal\/index.php?rest_route=\/wp\/v2\/pages\/108","targetHints":{"allow":["GET"]}}],"collection":[{"href":"https:\/\/rapadasbestas.gal\/index.php?rest_route=\/wp\/v2\/pages"}],"about":[{"href":"https:\/\/rapadasbestas.gal\/index.php?rest_route=\/wp\/v2\/types\/page"}],"author":[{"embeddable":true,"href":"https:\/\/rapadasbestas.gal\/index.php?rest_route=\/wp\/v2\/users\/1"}],"replies":[{"embeddable":true,"href":"https:\/\/rapadasbestas.gal\/index.php?rest_route=%2Fwp%2Fv2%2Fcomments&post=108"}],"version-history":[{"count":4,"href":"https:\/\/rapadasbestas.gal\/index.php?rest_route=\/wp\/v2\/pages\/108\/revisions"}],"predecessor-version":[{"id":376,"href":"https:\/\/rapadasbestas.gal\/index.php?rest_route=\/wp\/v2\/pages\/108\/revisions\/376"}],"up":[{"embeddable":true,"href":"https:\/\/rapadasbestas.gal\/index.php?rest_route=\/wp\/v2\/pages\/17"}],"wp:featuredmedia":[{"embeddable":true,"href":"https:\/\/rapadasbestas.gal\/index.php?rest_route=\/wp\/v2\/media\/580"}],"wp:attachment":[{"href":"https:\/\/rapadasbestas.gal\/index.php?rest_route=%2Fwp%2Fv2%2Fmedia&parent=108"}],"curies":[{"name":"wp","href":"https:\/\/api.w.org\/{rel}","templated":true}]}}