{"id":144,"date":"2025-08-26T14:34:16","date_gmt":"2025-08-26T12:34:16","guid":{"rendered":"https:\/\/rapa-g4ajg9g0cyhyd9dz.spaincentral-01.azurewebsites.net\/\/?page_id=144"},"modified":"2025-09-11T10:35:10","modified_gmt":"2025-09-11T08:35:10","slug":"aviso-legal","status":"publish","type":"page","link":"https:\/\/rapadasbestas.gal\/?page_id=144&lang=es","title":{"rendered":"Aviso Legal"},"content":{"rendered":"\n<div class=\"wp-block-group prose max-w-none space-y-8\"><div class=\"wp-block-group__inner-container is-layout-constrained wp-block-group-is-layout-constrained\">\n<h2 class=\"wp-block-heading\">Propiedad intelectual e industrial<\/h2>\n\n\n\n<p>El dise\u00f1o del portal y sus c\u00f3digos fuente, as\u00ed como los logos, marcas y dem\u00e1s signos distintivos que aparecen en el mismo pertenecen a la Asociaci\u00f3n Rapa das bestas de Sabucedo y est\u00e1n protegidos por los correspondientes derechos de propiedad intelectual e industrial.<\/p>\n\n\n\n<h2 class=\"wp-block-heading\">Responsabilidad de los contenidos<\/h2>\n\n\n\n<p>La Asociaci\u00f3n Rapa das bestas de Sabucedo se reserva el derecho a realizar cambios en el sitio web sin previo aviso, al objeto de mantener actualizada su informaci\u00f3n, a\u00f1adiendo, modificando, corrigiendo o eliminando&nbsp; los contenidos publicados o el dise\u00f1o del portal.<\/p>\n\n\n\n<p>La Asociaci\u00f3n Rapa das bestas de Sabucedo no ser\u00e1 responsable del uso que terceros hagan de la informaci\u00f3n publicada en el portal, ni tampoco de los da\u00f1os sufridos o p\u00e9rdidas econ\u00f3micas que, de forma directa o indirecta, produzcan o puedan producir perjuicios econ\u00f3micos, materiales o sobre datos, provocados por el uso de dicha informaci\u00f3n.<br><\/p>\n\n\n\n<h2 class=\"wp-block-heading\">Ley aplicable<\/h2>\n\n\n\n<p>La ley aplicable en caso de disputa o conflicto de interpretaci\u00f3n de los t\u00e9rminos que conforman este aviso legal, as\u00ed como cualquier cuesti\u00f3n relacionada con los servicios del presente portal, ser\u00e1 la ley espa\u00f1ola.<\/p>\n\n\n\n<p>Este portal, cuyo titular es la Asociaci\u00f3n Rapa das bestas de Sabucedo, con domicilio en Sabucedo, 36684 Pontevedra.<\/p>\n<\/div><\/div>\n","protected":false},"excerpt":{"rendered":"<p>Propiedad intelectual e industrial El dise\u00f1o del portal y sus c\u00f3digos fuente, as\u00ed como los logos, marcas y dem\u00e1s signos distintivos que aparecen en el mismo pertenecen a la Asociaci\u00f3n Rapa das bestas de Sabucedo y est\u00e1n protegidos por los correspondientes derechos de propiedad intelectual e industrial. Responsabilidad de los contenidos La Asociaci\u00f3n Rapa das [&hellip;]<\/p>\n","protected":false},"author":1,"featured_media":0,"parent":0,"menu_order":0,"comment_status":"closed","ping_status":"closed","template":"templates\/page-without-thumbnail.php","meta":{"_acf_changed":false,"footnotes":""},"class_list":["post-144","page","type-page","status-publish","hentry"],"acf":[],"_links":{"self":[{"href":"https:\/\/rapadasbestas.gal\/index.php?rest_route=\/wp\/v2\/pages\/144","targetHints":{"allow":["GET"]}}],"collection":[{"href":"https:\/\/rapadasbestas.gal\/index.php?rest_route=\/wp\/v2\/pages"}],"about":[{"href":"https:\/\/rapadasbestas.gal\/index.php?rest_route=\/wp\/v2\/types\/page"}],"author":[{"embeddable":true,"href":"https:\/\/rapadasbestas.gal\/index.php?rest_route=\/wp\/v2\/users\/1"}],"replies":[{"embeddable":true,"href":"https:\/\/rapadasbestas.gal\/index.php?rest_route=%2Fwp%2Fv2%2Fcomments&post=144"}],"version-history":[{"count":5,"href":"https:\/\/rapadasbestas.gal\/index.php?rest_route=\/wp\/v2\/pages\/144\/revisions"}],"predecessor-version":[{"id":529,"href":"https:\/\/rapadasbestas.gal\/index.php?rest_route=\/wp\/v2\/pages\/144\/revisions\/529"}],"wp:attachment":[{"href":"https:\/\/rapadasbestas.gal\/index.php?rest_route=%2Fwp%2Fv2%2Fmedia&parent=144"}],"curies":[{"name":"wp","href":"https:\/\/api.w.org\/{rel}","templated":true}]}}

<div class="wp-block-group prose max-w-none space-y-8"><div class="wp-block-group__inner-container is-layout-constrained wp-block-group-is-layout-constrained">
<h2 class="wp-block-heading">Propiedad intelectual e industrial</h2>



<p>El diseño del portal y sus códigos fuente, así como los logos, marcas y demás signos distintivos que aparecen en el mismo pertenecen a la Asociación Rapa das bestas de Sabucedo y están protegidos por los correspondientes derechos de propiedad intelectual e industrial.</p>



<h2 class="wp-block-heading">Responsabilidad de los contenidos</h2>



<p>La Asociación Rapa das bestas de Sabucedo se reserva el derecho a realizar cambios en el sitio web sin previo aviso, al objeto de mantener actualizada su información, añadiendo, modificando, corrigiendo o eliminando&nbsp; los contenidos publicados o el diseño del portal.</p>



<p>La Asociación Rapa das bestas de Sabucedo no será responsable del uso que terceros hagan de la información publicada en el portal, ni tampoco de los daños sufridos o pérdidas económicas que, de forma directa o indirecta, produzcan o puedan producir perjuicios económicos, materiales o sobre datos, provocados por el uso de dicha información.<br></p>



<h2 class="wp-block-heading">Ley aplicable</h2>



<p>La ley aplicable en caso de disputa o conflicto de interpretación de los términos que conforman este aviso legal, así como cualquier cuestión relacionada con los servicios del presente portal, será la ley española.</p>



<p>Este portal, cuyo titular es la Asociación Rapa das bestas de Sabucedo, con domicilio en Sabucedo, 36684 Pontevedra.</p>
</div></div>

<p>Propiedad intelectual e industrial El diseño del portal y sus códigos fuente, así como los logos, marcas y demás signos distintivos que aparecen en el mismo pertenecen a la Asociación Rapa das bestas de Sabucedo y están protegidos por los correspondientes derechos de propiedad intelectual e industrial. Responsabilidad de los contenidos La Asociación Rapa das [&hellip;]</p>
