{"id":298,"date":"2025-08-26T10:01:22","date_gmt":"2025-08-26T08:01:22","guid":{"rendered":"https:\/\/rapa-g4ajg9g0cyhyd9dz.spaincentral-01.azurewebsites.net\/\/orixe-e-historia\/"},"modified":"2025-10-10T14:55:12","modified_gmt":"2025-10-10T12:55:12","slug":"orixe-e-historia","status":"publish","type":"page","link":"https:\/\/rapadasbestas.gal\/?page_id=298","title":{"rendered":"Orixe e Historia"},"content":{"rendered":"\n<h2 class=\"wp-block-heading\">Festa declarada de interese tur\u00edstico internacional.<\/h2>\n\n<p>A Rapa das Bestas de Sabucedo \u00e9 unha manifestaci\u00f3n cultural de gran autenticidade. Os actos comezan cun ritual ancestral que rememora o v\u00ednculo dos cabalos co divino, seguido da subida ao monte para agrupar as mandas salvaxes. A festa culmina no Curro, onde os \u201caloitadores\u201d inmobilizan os cabalos a man para cortarlles as crinas, nun espect\u00e1culo de forza. O evento tam\u00e9n ofrece zona de acampada e lecer nocturno.   <\/p>\n\n<h2 class=\"wp-block-heading\">A Lenda<\/h2>\n\n<p>A tradici\u00f3n popular de Sabucedo sost\u00e9n que a orixe da Rapa das Bestas se remonta a unha gran peste. Para evitar o contaxio, d\u00faas irm\u00e1s ofrec\u00e9ronlle a San Lourenzo d\u00faas eguas a cambio da s\u00faa protecci\u00f3n. Tras a praga, cumpriron a s\u00faa promesa, entregando os animais ao p\u00e1rroco. Co tempo, as eguas multiplic\u00e1ronse, dando lugar \u00e1s mandas que hoxe habitan os montes da zona.   <\/p>\n\n<p>A\u00ednda que non hai rexistros directos deste feito nos libros parroquiais, existen top\u00f3nimos na rexi\u00f3n, como &#8220;A Cabana&#8221; ou &#8220;Carballeira das Vellas&#8221;, que suxiren unha posible conexi\u00f3n coa lenda. A tradici\u00f3n oral poder\u00eda ter a s\u00faa base nas pestes documentadas a partir do s\u00e9culo XVI, como a peste bub\u00f3nica de 1567, da que existen rexistros hist\u00f3ricos na Catedral de Santiago. Non obstante, non hai probas nos documentos parroquiais, xa que estes comezaron a escribirse a finais do s\u00e9culo XVII, despois das grandes pragas.  <\/p>\n\n<h2 class=\"wp-block-heading\">Patrimonio Ancestral<\/h2>\n\n<p>Non hai certeza sobre cando o pobo de Sabucedo se relacionou coas &#8220;bestas&#8221;. Sen embargo, nos montes onde viven os cabalos at\u00f3pase un notable Patrimonio Ancestral. A zona est\u00e1 salpicada de numerosos petr\u00f3glifos (gravados en rocha) e m\u00e1moas (t\u00famulos funerarios) que datan de hai miles de anos. Estes vestixios arqueol\u00f3xicos f\u00e1lannos da antiga presenza humana e cultural neste contorno.  <\/p>\n\n<h2 class=\"wp-block-heading\">Prospecci\u00f3n Arqueol\u00f3xica<\/h2>\n\n<p>As\u00ed como Roma ten a R\u00f3mulo e Remo, a Rapa das Bestas de Sabucedo ten d\u00faas nais lendarias. Unha prospecci\u00f3n arqueol\u00f3xica conservou os vestixios da s\u00faa suposta vivenda, co\u00f1ecida como &#8220;A Casa das Vellas&#8221;.<\/p>\n","protected":false},"excerpt":{"rendered":"<p>Festa declarada de interese tur\u00edstico internacional. A Rapa das Bestas de Sabucedo \u00e9 unha manifestaci\u00f3n cultural de gran autenticidade. Os actos comezan cun ritual ancestral que rememora o v\u00ednculo dos cabalos co divino, seguido da subida ao monte para agrupar as mandas salvaxes. A festa culmina no Curro, onde os \u201caloitadores\u201d inmobilizan os cabalos a [&hellip;]<\/p>\n","protected":false},"author":1,"featured_media":573,"parent":325,"menu_order":0,"comment_status":"closed","ping_status":"closed","template":"templates\/page.php","meta":{"_acf_changed":false,"footnotes":""},"class_list":["post-298","page","type-page","status-publish","has-post-thumbnail","hentry"],"acf":[],"_links":{"self":[{"href":"https:\/\/rapadasbestas.gal\/index.php?rest_route=\/wp\/v2\/pages\/298","targetHints":{"allow":["GET"]}}],"collection":[{"href":"https:\/\/rapadasbestas.gal\/index.php?rest_route=\/wp\/v2\/pages"}],"about":[{"href":"https:\/\/rapadasbestas.gal\/index.php?rest_route=\/wp\/v2\/types\/page"}],"author":[{"embeddable":true,"href":"https:\/\/rapadasbestas.gal\/index.php?rest_route=\/wp\/v2\/users\/1"}],"replies":[{"embeddable":true,"href":"https:\/\/rapadasbestas.gal\/index.php?rest_route=%2Fwp%2Fv2%2Fcomments&post=298"}],"version-history":[{"count":3,"href":"https:\/\/rapadasbestas.gal\/index.php?rest_route=\/wp\/v2\/pages\/298\/revisions"}],"predecessor-version":[{"id":742,"href":"https:\/\/rapadasbestas.gal\/index.php?rest_route=\/wp\/v2\/pages\/298\/revisions\/742"}],"up":[{"embeddable":true,"href":"https:\/\/rapadasbestas.gal\/index.php?rest_route=\/wp\/v2\/pages\/325"}],"wp:featuredmedia":[{"embeddable":true,"href":"https:\/\/rapadasbestas.gal\/index.php?rest_route=\/wp\/v2\/media\/573"}],"wp:attachment":[{"href":"https:\/\/rapadasbestas.gal\/index.php?rest_route=%2Fwp%2Fv2%2Fmedia&parent=298"}],"curies":[{"name":"wp","href":"https:\/\/api.w.org\/{rel}","templated":true}]}}

<h2 class="wp-block-heading">Festa declarada de interese turístico internacional.</h2>

<p>A Rapa das Bestas de Sabucedo é unha manifestación cultural de gran autenticidade. Os actos comezan cun ritual ancestral que rememora o vínculo dos cabalos co divino, seguido da subida ao monte para agrupar as mandas salvaxes. A festa culmina no Curro, onde os “aloitadores” inmobilizan os cabalos a man para cortarlles as crinas, nun espectáculo de forza. O evento tamén ofrece zona de acampada e lecer nocturno.   </p>

<h2 class="wp-block-heading">A Lenda</h2>

<p>A tradición popular de Sabucedo sostén que a orixe da Rapa das Bestas se remonta a unha gran peste. Para evitar o contaxio, dúas irmás ofrecéronlle a San Lourenzo dúas eguas a cambio da súa protección. Tras a praga, cumpriron a súa promesa, entregando os animais ao párroco. Co tempo, as eguas multiplicáronse, dando lugar ás mandas que hoxe habitan os montes da zona.   </p>

<p>Aínda que non hai rexistros directos deste feito nos libros parroquiais, existen topónimos na rexión, como &#8220;A Cabana&#8221; ou &#8220;Carballeira das Vellas&#8221;, que suxiren unha posible conexión coa lenda. A tradición oral podería ter a súa base nas pestes documentadas a partir do século XVI, como a peste bubónica de 1567, da que existen rexistros históricos na Catedral de Santiago. Non obstante, non hai probas nos documentos parroquiais, xa que estes comezaron a escribirse a finais do século XVII, despois das grandes pragas.  </p>

<h2 class="wp-block-heading">Patrimonio Ancestral</h2>

<p>Non hai certeza sobre cando o pobo de Sabucedo se relacionou coas &#8220;bestas&#8221;. Sen embargo, nos montes onde viven os cabalos atópase un notable Patrimonio Ancestral. A zona está salpicada de numerosos petróglifos (gravados en rocha) e mámoas (túmulos funerarios) que datan de hai miles de anos. Estes vestixios arqueolóxicos fálannos da antiga presenza humana e cultural neste contorno.  </p>

<h2 class="wp-block-heading">Prospección Arqueolóxica</h2>

<p>Así como Roma ten a Rómulo e Remo, a Rapa das Bestas de Sabucedo ten dúas nais lendarias. Unha prospección arqueolóxica conservou os vestixios da súa suposta vivenda, coñecida como &#8220;A Casa das Vellas&#8221;.</p>

<p>Festa declarada de interese turístico internacional. A Rapa das Bestas de Sabucedo é unha manifestación cultural de gran autenticidade. Os actos comezan cun ritual ancestral que rememora o vínculo dos cabalos co divino, seguido da subida ao monte para agrupar as mandas salvaxes. A festa culmina no Curro, onde os “aloitadores” inmobilizan os cabalos a [&hellip;]</p>
