{"id":3,"date":"2025-08-19T11:27:04","date_gmt":"2025-08-19T09:27:04","guid":{"rendered":"https:\/\/rapa-g4ajg9g0cyhyd9dz.spaincentral-01.azurewebsites.net\/\/?page_id=3"},"modified":"2025-09-11T11:19:49","modified_gmt":"2025-09-11T09:19:49","slug":"politica-privacidad","status":"publish","type":"page","link":"https:\/\/rapadasbestas.gal\/?page_id=3&lang=es","title":{"rendered":"Pol\u00edtica de Privacidad"},"content":{"rendered":"\n<div class=\"wp-block-group prose max-w-none space-y-8\"><div class=\"wp-block-group__inner-container is-layout-constrained wp-block-group-is-layout-constrained\">\n<p>En virtud de lo dispuesto en el Reglamento (UE) 2016\/679 del Parlamento Europeo y del Consejo, de 27 de abril de 2016, relativo a la protecci\u00f3n de las personas f\u00edsicas en lo que respecta al tratamiento de datos personales y a la libre circulaci\u00f3n de estos datos, se le informa de lo siguiente:<\/p>\n\n\n\n<p>Los datos que nos comunique a trav\u00e9s de esta p\u00e1gina web ser\u00e1n objeto de tratamiento.<\/p>\n\n\n\n<p>El responsable del tratamiento de sus datos es la Asociaci\u00f3n Rapa das bestas de Sabucedo con domicilio en Sabucedo, A Estrada (Pontevedra). Su direcci\u00f3n de correo electr\u00f3nico para cualquier tema relativo al tratamiento de datos de car\u00e1cter personal es rapadesabucedo@gmail.com<\/p>\n\n\n\n<p>La finalidad del tratamiento es la gesti\u00f3n de las solicitudes de las acreditaciones de prensa a fin de poder habilitar su acceso al curro.<\/p>\n\n\n\n<p>Los datos del interesado tambi\u00e9n podr\u00e1n ser comunicados a empresas colaboradoras del responsable, con la finalidad de prestarle servicios similares a los solicitados por el interesado al responsable.<\/p>\n\n\n\n<p>Las bases jur\u00eddicas del tratamiento son:<br>\u2013 La satisfacci\u00f3n de intereses leg\u00edtimos del responsable (art\u00edculo 6.1.f) RGPD). Esta base jur\u00eddica se usar\u00e1 para aquellos tratamientos en los que no prevalezca un derecho o libertad del interesado pero que puedan favorecer el ejercicio de los citados intereses leg\u00edtimos. Por ejemplo: la gesti\u00f3n administrativa de las habilitaciones de prensa.<\/p>\n\n\n\n<p>Los datos personales que se recaben atender\u00e1n en todo momento a los principios establecidos en el art\u00edculo 5 RGPD, por lo que ser\u00e1n tratados de manera l\u00edcita, leal, transparente; recogidos con fines determinados, expl\u00edcitos y leg\u00edtimos; adecuados, pertinentes y limitados a lo necesario; exactos y mantenidos con limitaci\u00f3n del plazo de conservaci\u00f3n; y tratados con integridad y confidencialidad.<\/p>\n\n\n\n<p>La entidad ha adoptado las medidas t\u00e9cnicas y organizativas necesarias para garantizar la seguridad e integridad de los datos, as\u00ed como para evitar su alteraci\u00f3n, p\u00e9rdida, tratamiento o acceso no autorizados.<\/p>\n\n\n\n<p>Sus datos personales ser\u00e1n eliminados transcurrido el plazo legalmente establecido para el cumplimiento de nuestras obligaciones legales, siempre y cuando el interesado no haya autorizado expresamente la continuaci\u00f3n de su uso.<\/p>\n\n\n\n<p>El interesado tiene la posibilidad de solicitar al responsable el acceso a sus datos personales, su rectificaci\u00f3n, su supresi\u00f3n, la limitaci\u00f3n de su tratamiento, oponerse a dicho tratamiento o ejercer la portabilidad de los datos que sean tratados de forma automatizada.<\/p>\n\n\n\n<p>En caso de conflicto, el interesado puede acudir a la Agencia Espa\u00f1ola de Protecci\u00f3n de Datos o a cualquier otra autoridad de control competente para entender de sus reclamaciones.<\/p>\n\n\n\n<p>El interesado puede retirar su consentimiento en cualquier momento, sin que eso afecte a la licitud de los tratamientos basados en el consentimiento previo a su retirada.<\/p>\n\n\n\n<p>Los datos del interesado no ser\u00e1n usados para decisiones individuales automatizadas.<\/p>\n<\/div><\/div>\n","protected":false},"excerpt":{"rendered":"<p>En virtud de lo dispuesto en el Reglamento (UE) 2016\/679 del Parlamento Europeo y del Consejo, de 27 de abril de 2016, relativo a la protecci\u00f3n de las personas f\u00edsicas en lo que respecta al tratamiento de datos personales y a la libre circulaci\u00f3n de estos datos, se le informa de lo siguiente: Los datos [&hellip;]<\/p>\n","protected":false},"author":1,"featured_media":0,"parent":0,"menu_order":0,"comment_status":"closed","ping_status":"closed","template":"templates\/page-without-thumbnail.php","meta":{"_acf_changed":false,"footnotes":""},"class_list":["post-3","page","type-page","status-publish","hentry"],"acf":[],"_links":{"self":[{"href":"https:\/\/rapadasbestas.gal\/index.php?rest_route=\/wp\/v2\/pages\/3","targetHints":{"allow":["GET"]}}],"collection":[{"href":"https:\/\/rapadasbestas.gal\/index.php?rest_route=\/wp\/v2\/pages"}],"about":[{"href":"https:\/\/rapadasbestas.gal\/index.php?rest_route=\/wp\/v2\/types\/page"}],"author":[{"embeddable":true,"href":"https:\/\/rapadasbestas.gal\/index.php?rest_route=\/wp\/v2\/users\/1"}],"replies":[{"embeddable":true,"href":"https:\/\/rapadasbestas.gal\/index.php?rest_route=%2Fwp%2Fv2%2Fcomments&post=3"}],"version-history":[{"count":5,"href":"https:\/\/rapadasbestas.gal\/index.php?rest_route=\/wp\/v2\/pages\/3\/revisions"}],"predecessor-version":[{"id":533,"href":"https:\/\/rapadasbestas.gal\/index.php?rest_route=\/wp\/v2\/pages\/3\/revisions\/533"}],"wp:attachment":[{"href":"https:\/\/rapadasbestas.gal\/index.php?rest_route=%2Fwp%2Fv2%2Fmedia&parent=3"}],"curies":[{"name":"wp","href":"https:\/\/api.w.org\/{rel}","templated":true}]}}

Política de Privacidad

<div class="wp-block-group prose max-w-none space-y-8"><div class="wp-block-group__inner-container is-layout-constrained wp-block-group-is-layout-constrained">
<p>En virtud de lo dispuesto en el Reglamento (UE) 2016/679 del Parlamento Europeo y del Consejo, de 27 de abril de 2016, relativo a la protección de las personas físicas en lo que respecta al tratamiento de datos personales y a la libre circulación de estos datos, se le informa de lo siguiente:</p>



<p>Los datos que nos comunique a través de esta página web serán objeto de tratamiento.</p>



<p>El responsable del tratamiento de sus datos es la Asociación Rapa das bestas de Sabucedo con domicilio en Sabucedo, A Estrada (Pontevedra). Su dirección de correo electrónico para cualquier tema relativo al tratamiento de datos de carácter personal es rapadesabucedo@gmail.com</p>



<p>La finalidad del tratamiento es la gestión de las solicitudes de las acreditaciones de prensa a fin de poder habilitar su acceso al curro.</p>



<p>Los datos del interesado también podrán ser comunicados a empresas colaboradoras del responsable, con la finalidad de prestarle servicios similares a los solicitados por el interesado al responsable.</p>



<p>Las bases jurídicas del tratamiento son:<br>– La satisfacción de intereses legítimos del responsable (artículo 6.1.f) RGPD). Esta base jurídica se usará para aquellos tratamientos en los que no prevalezca un derecho o libertad del interesado pero que puedan favorecer el ejercicio de los citados intereses legítimos. Por ejemplo: la gestión administrativa de las habilitaciones de prensa.</p>



<p>Los datos personales que se recaben atenderán en todo momento a los principios establecidos en el artículo 5 RGPD, por lo que serán tratados de manera lícita, leal, transparente; recogidos con fines determinados, explícitos y legítimos; adecuados, pertinentes y limitados a lo necesario; exactos y mantenidos con limitación del plazo de conservación; y tratados con integridad y confidencialidad.</p>



<p>La entidad ha adoptado las medidas técnicas y organizativas necesarias para garantizar la seguridad e integridad de los datos, así como para evitar su alteración, pérdida, tratamiento o acceso no autorizados.</p>



<p>Sus datos personales serán eliminados transcurrido el plazo legalmente establecido para el cumplimiento de nuestras obligaciones legales, siempre y cuando el interesado no haya autorizado expresamente la continuación de su uso.</p>



<p>El interesado tiene la posibilidad de solicitar al responsable el acceso a sus datos personales, su rectificación, su supresión, la limitación de su tratamiento, oponerse a dicho tratamiento o ejercer la portabilidad de los datos que sean tratados de forma automatizada.</p>



<p>En caso de conflicto, el interesado puede acudir a la Agencia Española de Protección de Datos o a cualquier otra autoridad de control competente para entender de sus reclamaciones.</p>



<p>El interesado puede retirar su consentimiento en cualquier momento, sin que eso afecte a la licitud de los tratamientos basados en el consentimiento previo a su retirada.</p>



<p>Los datos del interesado no serán usados para decisiones individuales automatizadas.</p>
</div></div>

<p>En virtud de lo dispuesto en el Reglamento (UE) 2016/679 del Parlamento Europeo y del Consejo, de 27 de abril de 2016, relativo a la protección de las personas físicas en lo que respecta al tratamiento de datos personales y a la libre circulación de estos datos, se le informa de lo siguiente: Los datos [&hellip;]</p>
