{"id":310,"date":"2025-08-26T11:56:25","date_gmt":"2025-08-26T09:56:25","guid":{"rendered":"https:\/\/rapa-g4ajg9g0cyhyd9dz.spaincentral-01.azurewebsites.net\/\/desenvolvemento-da-festa-paso-a-paso\/"},"modified":"2025-09-11T18:54:18","modified_gmt":"2025-09-11T16:54:18","slug":"desenvolvemento-da-festa-paso-a-paso","status":"publish","type":"page","link":"https:\/\/rapadasbestas.gal\/?page_id=310","title":{"rendered":"Desenvolvemento da Festa: Paso a Paso"},"content":{"rendered":"\n<h2 class=\"wp-block-heading\">A Subida ao Monte e a Busca das Bestas<\/h2>\n\n<p>A festa da Rapa comeza cedo pola ma\u00f1\u00e1 con fogos de artificio e o toque de camp\u00e1s. Despois dunha misa matinal na que se pide protecci\u00f3n para os animais, os veci\u00f1os de Sabucedo e os visitantes dir\u00edxense cara aos montes.<\/p>\n\n<p>Unha vez no monte, a xente div\u00eddese en grupos para localizar as mandas de cabalos salvaxes (\u201cgrea\u201d) e as rodean lentamente. Finalmente, as mandas re\u00fanense nun punto central chamado &#8220;O Pe\u00f3n&#8221; e, unha vez que a xente descansa, os cabalos son guiados cara \u00e1 vila.<\/p>\n\n<p>O regreso das \u201cbestas\u201d a Sabucedo \u00e9 un momento culminante no que se produce un encontro entre os mozos, que participaron activamente no cerco, e a xente maior. Este acto \u00e9 visto como un momento de reafirmaci\u00f3n da identidade da vila e unha oportunidade para que os maiores transmitan os seus co\u00f1ecementos aos m\u00e1is novos. Antes da loita no Curro, as \u201cbestas\u201d permanecen nun cercado para descansar.<\/p>\n\n<h2 class=\"wp-block-heading\">A Verbena e a M\u00fasica da Rapa<\/h2>\n\n<p>\u00c9 un dos momentos m\u00e1is espectaculares. Centos de persoas a p\u00e9 e a cabalo coord\u00ednanse para reunir as mandas dispersas e guialas nunha emocionante baixada ata a vila.<\/p>\n\n<h2 class=\"wp-block-heading\">O Curro: O Momento da Verdade (S\u00e1bado, Domingo e Luns)<\/h2>\n\n<p>As noites da Rapa son de festa popular na &#8220;Carballeira do Campo do Medio&#8221;, con verbenas animadas polas mellores orquestras e grupos de m\u00fasica tradicional.<\/p>\n\n<p>Ademais das orquestras, a Rapa ofrece m\u00fasica folcl\u00f3rica e tradicional galega, con actuaci\u00f3ns de co\u00f1ecidos artistas e agrupaci\u00f3ns que amenizan a espera no Curro. As celebraci\u00f3ns comezan o s\u00e1bado pola ma\u00f1\u00e1 co son dos gaiteiros nas r\u00faas da vila e culminan coa m\u00fasica das gaitas no Curro pola tarde. O recinto da festa conta con bares e postos de comida para gozar da experiencia completa.<\/p>\n","protected":false},"excerpt":{"rendered":"<p>A Subida ao Monte e a Busca das Bestas A festa da Rapa comeza cedo pola ma\u00f1\u00e1 con fogos de artificio e o toque de camp\u00e1s. Despois dunha misa matinal na que se pide protecci\u00f3n para os animais, os veci\u00f1os de Sabucedo e os visitantes dir\u00edxense cara aos montes. Unha vez no monte, a xente [&hellip;]<\/p>\n","protected":false},"author":1,"featured_media":579,"parent":325,"menu_order":0,"comment_status":"closed","ping_status":"closed","template":"templates\/page.php","meta":{"_acf_changed":false,"footnotes":""},"class_list":["post-310","page","type-page","status-publish","has-post-thumbnail","hentry"],"acf":[],"_links":{"self":[{"href":"https:\/\/rapadasbestas.gal\/index.php?rest_route=\/wp\/v2\/pages\/310","targetHints":{"allow":["GET"]}}],"collection":[{"href":"https:\/\/rapadasbestas.gal\/index.php?rest_route=\/wp\/v2\/pages"}],"about":[{"href":"https:\/\/rapadasbestas.gal\/index.php?rest_route=\/wp\/v2\/types\/page"}],"author":[{"embeddable":true,"href":"https:\/\/rapadasbestas.gal\/index.php?rest_route=\/wp\/v2\/users\/1"}],"replies":[{"embeddable":true,"href":"https:\/\/rapadasbestas.gal\/index.php?rest_route=%2Fwp%2Fv2%2Fcomments&post=310"}],"version-history":[{"count":3,"href":"https:\/\/rapadasbestas.gal\/index.php?rest_route=\/wp\/v2\/pages\/310\/revisions"}],"predecessor-version":[{"id":630,"href":"https:\/\/rapadasbestas.gal\/index.php?rest_route=\/wp\/v2\/pages\/310\/revisions\/630"}],"up":[{"embeddable":true,"href":"https:\/\/rapadasbestas.gal\/index.php?rest_route=\/wp\/v2\/pages\/325"}],"wp:featuredmedia":[{"embeddable":true,"href":"https:\/\/rapadasbestas.gal\/index.php?rest_route=\/wp\/v2\/media\/579"}],"wp:attachment":[{"href":"https:\/\/rapadasbestas.gal\/index.php?rest_route=%2Fwp%2Fv2%2Fmedia&parent=310"}],"curies":[{"name":"wp","href":"https:\/\/api.w.org\/{rel}","templated":true}]}}

<h2 class="wp-block-heading">A Subida ao Monte e a Busca das Bestas</h2>

<p>A festa da Rapa comeza cedo pola mañá con fogos de artificio e o toque de campás. Despois dunha misa matinal na que se pide protección para os animais, os veciños de Sabucedo e os visitantes diríxense cara aos montes.</p>

<p>Unha vez no monte, a xente divídese en grupos para localizar as mandas de cabalos salvaxes (“grea”) e as rodean lentamente. Finalmente, as mandas reúnense nun punto central chamado &#8220;O Peón&#8221; e, unha vez que a xente descansa, os cabalos son guiados cara á vila.</p>

<p>O regreso das “bestas” a Sabucedo é un momento culminante no que se produce un encontro entre os mozos, que participaron activamente no cerco, e a xente maior. Este acto é visto como un momento de reafirmación da identidade da vila e unha oportunidade para que os maiores transmitan os seus coñecementos aos máis novos. Antes da loita no Curro, as “bestas” permanecen nun cercado para descansar.</p>

<h2 class="wp-block-heading">A Verbena e a Música da Rapa</h2>

<p>É un dos momentos máis espectaculares. Centos de persoas a pé e a cabalo coordínanse para reunir as mandas dispersas e guialas nunha emocionante baixada ata a vila.</p>

<h2 class="wp-block-heading">O Curro: O Momento da Verdade (Sábado, Domingo e Luns)</h2>

<p>As noites da Rapa son de festa popular na &#8220;Carballeira do Campo do Medio&#8221;, con verbenas animadas polas mellores orquestras e grupos de música tradicional.</p>

<p>Ademais das orquestras, a Rapa ofrece música folclórica e tradicional galega, con actuacións de coñecidos artistas e agrupacións que amenizan a espera no Curro. As celebracións comezan o sábado pola mañá co son dos gaiteiros nas rúas da vila e culminan coa música das gaitas no Curro pola tarde. O recinto da festa conta con bares e postos de comida para gozar da experiencia completa.</p>

<p>A Subida ao Monte e a Busca das Bestas A festa da Rapa comeza cedo pola mañá con fogos de artificio e o toque de campás. Despois dunha misa matinal na que se pide protección para os animais, os veciños de Sabucedo e os visitantes diríxense cara aos montes. Unha vez no monte, a xente [&hellip;]</p>
