{"id":325,"date":"2025-08-19T14:45:04","date_gmt":"2025-08-19T12:45:04","guid":{"rendered":"https:\/\/rapa-g4ajg9g0cyhyd9dz.spaincentral-01.azurewebsites.net\/\/inicio\/a-rapa\/"},"modified":"2025-09-11T18:55:16","modified_gmt":"2025-09-11T16:55:16","slug":"a-rapa","status":"publish","type":"page","link":"https:\/\/rapadasbestas.gal\/?page_id=325","title":{"rendered":"A Rapa"},"content":{"rendered":"\n<p>Descubre a esencia dunha festa ancestral. Dende a s\u00faa orixe lendaria ata a emoci\u00f3n do curro, explora as historias, os protagonistas e os valores que fan \u00fanica \u00e1 Rapa das Bestas de Sabucedo. <\/p>\n","protected":false},"excerpt":{"rendered":"<p>Descubre a esencia dunha festa ancestral. Dende a s\u00faa orixe lendaria ata a emoci\u00f3n do curro, explora as historias, os protagonistas e os valores que fan \u00fanica \u00e1 Rapa das Bestas de Sabucedo.<\/p>\n","protected":false},"author":1,"featured_media":444,"parent":317,"menu_order":0,"comment_status":"closed","ping_status":"closed","template":"templates\/page-with-cards.php","meta":{"_acf_changed":false,"footnotes":""},"class_list":["post-325","page","type-page","status-publish","has-post-thumbnail","hentry"],"acf":[],"_links":{"self":[{"href":"https:\/\/rapadasbestas.gal\/index.php?rest_route=\/wp\/v2\/pages\/325","targetHints":{"allow":["GET"]}}],"collection":[{"href":"https:\/\/rapadasbestas.gal\/index.php?rest_route=\/wp\/v2\/pages"}],"about":[{"href":"https:\/\/rapadasbestas.gal\/index.php?rest_route=\/wp\/v2\/types\/page"}],"author":[{"embeddable":true,"href":"https:\/\/rapadasbestas.gal\/index.php?rest_route=\/wp\/v2\/users\/1"}],"replies":[{"embeddable":true,"href":"https:\/\/rapadasbestas.gal\/index.php?rest_route=%2Fwp%2Fv2%2Fcomments&post=325"}],"version-history":[{"count":2,"href":"https:\/\/rapadasbestas.gal\/index.php?rest_route=\/wp\/v2\/pages\/325\/revisions"}],"predecessor-version":[{"id":631,"href":"https:\/\/rapadasbestas.gal\/index.php?rest_route=\/wp\/v2\/pages\/325\/revisions\/631"}],"up":[{"embeddable":true,"href":"https:\/\/rapadasbestas.gal\/index.php?rest_route=\/wp\/v2\/pages\/317"}],"wp:featuredmedia":[{"embeddable":true,"href":"https:\/\/rapadasbestas.gal\/index.php?rest_route=\/wp\/v2\/media\/444"}],"wp:attachment":[{"href":"https:\/\/rapadasbestas.gal\/index.php?rest_route=%2Fwp%2Fv2%2Fmedia&parent=325"}],"curies":[{"name":"wp","href":"https:\/\/api.w.org\/{rel}","templated":true}]}}