{"id":343,"date":"2025-08-22T10:43:52","date_gmt":"2025-08-22T08:43:52","guid":{"rendered":"https:\/\/rapa-g4ajg9g0cyhyd9dz.spaincentral-01.azurewebsites.net\/\/inicio\/o-noso-patrimonio\/"},"modified":"2025-09-11T18:48:07","modified_gmt":"2025-09-11T16:48:07","slug":"o-noso-patrimonio","status":"publish","type":"page","link":"https:\/\/rapadasbestas.gal\/?page_id=343","title":{"rendered":"O noso Patrimonio"},"content":{"rendered":"\n<p>Sabucedo \u00e9 moito m\u00e1is ca unha festa. Explora a paisaxe, a cultura e a historia que conforman a contorna \u00fanica da Rapa das Bestas durante todo o ano.<\/p>\n","protected":false},"excerpt":{"rendered":"<p>Sabucedo \u00e9 moito m\u00e1is ca unha festa. Explora a paisaxe, a cultura e a historia que conforman a contorna \u00fanica da Rapa das Bestas durante todo o ano.<\/p>\n","protected":false},"author":1,"featured_media":553,"parent":317,"menu_order":0,"comment_status":"closed","ping_status":"closed","template":"templates\/page-with-cards.php","meta":{"_acf_changed":false,"footnotes":""},"class_list":["post-343","page","type-page","status-publish","has-post-thumbnail","hentry"],"acf":[],"_links":{"self":[{"href":"https:\/\/rapadasbestas.gal\/index.php?rest_route=\/wp\/v2\/pages\/343","targetHints":{"allow":["GET"]}}],"collection":[{"href":"https:\/\/rapadasbestas.gal\/index.php?rest_route=\/wp\/v2\/pages"}],"about":[{"href":"https:\/\/rapadasbestas.gal\/index.php?rest_route=\/wp\/v2\/types\/page"}],"author":[{"embeddable":true,"href":"https:\/\/rapadasbestas.gal\/index.php?rest_route=\/wp\/v2\/users\/1"}],"replies":[{"embeddable":true,"href":"https:\/\/rapadasbestas.gal\/index.php?rest_route=%2Fwp%2Fv2%2Fcomments&post=343"}],"version-history":[{"count":2,"href":"https:\/\/rapadasbestas.gal\/index.php?rest_route=\/wp\/v2\/pages\/343\/revisions"}],"predecessor-version":[{"id":625,"href":"https:\/\/rapadasbestas.gal\/index.php?rest_route=\/wp\/v2\/pages\/343\/revisions\/625"}],"up":[{"embeddable":true,"href":"https:\/\/rapadasbestas.gal\/index.php?rest_route=\/wp\/v2\/pages\/317"}],"wp:featuredmedia":[{"embeddable":true,"href":"https:\/\/rapadasbestas.gal\/index.php?rest_route=\/wp\/v2\/media\/553"}],"wp:attachment":[{"href":"https:\/\/rapadasbestas.gal\/index.php?rest_route=%2Fwp%2Fv2%2Fmedia&parent=343"}],"curies":[{"name":"wp","href":"https:\/\/api.w.org\/{rel}","templated":true}]}}

<p>Sabucedo é moito máis ca unha festa. Explora a paisaxe, a cultura e a historia que conforman a contorna única da Rapa das Bestas durante todo o ano.</p>
