{"id":353,"date":"2025-08-26T14:34:16","date_gmt":"2025-08-26T12:34:16","guid":{"rendered":"https:\/\/rapa-g4ajg9g0cyhyd9dz.spaincentral-01.azurewebsites.net\/\/aviso-legal\/"},"modified":"2025-09-11T10:59:14","modified_gmt":"2025-09-11T08:59:14","slug":"aviso-legal","status":"publish","type":"page","link":"https:\/\/rapadasbestas.gal\/?page_id=353","title":{"rendered":"Aviso Legal"},"content":{"rendered":"\n<div class=\"wp-block-group prose max-w-none space-y-8\"><div class=\"wp-block-group__inner-container is-layout-constrained wp-block-group-is-layout-constrained\">\n<h2 class=\"wp-block-heading\">Propiedade intelectual e industrial<\/h2>\n\n\n\n<p>O dese\u00f1o do portal e os seus c\u00f3digos fonte, as\u00ed como os logos, marcas e demais signos distintivos que aparecen nel pertencen \u00e1 Asociaci\u00f3n Rapa das bestas de Sabucedo e est\u00e1n protexidos polos correspondentes dereitos de propiedade intelectual e industrial.<\/p>\n\n\n\n<h2 class=\"wp-block-heading\">Responsabilidade dos contidos<\/h2>\n\n\n\n<p>A Asociaci\u00f3n Rapa das bestas de Sabucedo res\u00e9rvase o dereito a realizar cambios no sitio web sen previo aviso, co obxecto de manter actualizada a s\u00faa informaci\u00f3n, engadindo, modificando, corrixindo ou eliminando os contidos publicados ou o dese\u00f1o do portal.<\/p>\n\n\n\n<p>A Asociaci\u00f3n Rapa das bestas de Sabucedo non ser\u00e1 responsable do uso que terceiros fagan da informaci\u00f3n publicada no portal, nin tampouco dos danos sufridos ou perdas econ\u00f3micas que, de xeito directo ou indirecto, produzan ou poidan producir prexu\u00edzos econ\u00f3micos, materiais ou sobre datos, provocados polo uso de dita informaci\u00f3n.<br\/><\/p>\n\n\n\n<h2 class=\"wp-block-heading\">Lei aplicable<\/h2>\n\n\n\n<p>A lei aplicable en caso de disputa ou conflito de interpretaci\u00f3n dos termos que conforman este aviso legal, as\u00ed como calquera cuesti\u00f3n relacionada cos servizos do presente portal, ser\u00e1 a lei espa\u00f1ola.<\/p>\n\n\n\n<p>Este portal, cuxo titular \u00e9 a Asociaci\u00f3n Rapa das bestas de Sabucedo, con domicilio en Sabucedo, 36684 Pontevedra.<\/p>\n<\/div><\/div>\n","protected":false},"excerpt":{"rendered":"<p>Propiedade intelectual e industrial O dese\u00f1o do portal e os seus c\u00f3digos fonte, as\u00ed como os logos, marcas e demais signos distintivos que aparecen nel pertencen \u00e1 Asociaci\u00f3n Rapa das bestas de Sabucedo e est\u00e1n protexidos polos correspondentes dereitos de propiedade intelectual e industrial. Responsabilidade dos contidos A Asociaci\u00f3n Rapa das bestas de Sabucedo res\u00e9rvase [&hellip;]<\/p>\n","protected":false},"author":1,"featured_media":0,"parent":0,"menu_order":0,"comment_status":"closed","ping_status":"closed","template":"templates\/page-without-thumbnail.php","meta":{"_acf_changed":false,"footnotes":""},"class_list":["post-353","page","type-page","status-publish","hentry"],"acf":[],"_links":{"self":[{"href":"https:\/\/rapadasbestas.gal\/index.php?rest_route=\/wp\/v2\/pages\/353","targetHints":{"allow":["GET"]}}],"collection":[{"href":"https:\/\/rapadasbestas.gal\/index.php?rest_route=\/wp\/v2\/pages"}],"about":[{"href":"https:\/\/rapadasbestas.gal\/index.php?rest_route=\/wp\/v2\/types\/page"}],"author":[{"embeddable":true,"href":"https:\/\/rapadasbestas.gal\/index.php?rest_route=\/wp\/v2\/users\/1"}],"replies":[{"embeddable":true,"href":"https:\/\/rapadasbestas.gal\/index.php?rest_route=%2Fwp%2Fv2%2Fcomments&post=353"}],"version-history":[{"count":2,"href":"https:\/\/rapadasbestas.gal\/index.php?rest_route=\/wp\/v2\/pages\/353\/revisions"}],"predecessor-version":[{"id":531,"href":"https:\/\/rapadasbestas.gal\/index.php?rest_route=\/wp\/v2\/pages\/353\/revisions\/531"}],"wp:attachment":[{"href":"https:\/\/rapadasbestas.gal\/index.php?rest_route=%2Fwp%2Fv2%2Fmedia&parent=353"}],"curies":[{"name":"wp","href":"https:\/\/api.w.org\/{rel}","templated":true}]}}

<div class="wp-block-group prose max-w-none space-y-8"><div class="wp-block-group__inner-container is-layout-constrained wp-block-group-is-layout-constrained">
<h2 class="wp-block-heading">Propiedade intelectual e industrial</h2>



<p>O deseño do portal e os seus códigos fonte, así como os logos, marcas e demais signos distintivos que aparecen nel pertencen á Asociación Rapa das bestas de Sabucedo e están protexidos polos correspondentes dereitos de propiedade intelectual e industrial.</p>



<h2 class="wp-block-heading">Responsabilidade dos contidos</h2>



<p>A Asociación Rapa das bestas de Sabucedo resérvase o dereito a realizar cambios no sitio web sen previo aviso, co obxecto de manter actualizada a súa información, engadindo, modificando, corrixindo ou eliminando os contidos publicados ou o deseño do portal.</p>



<p>A Asociación Rapa das bestas de Sabucedo non será responsable do uso que terceiros fagan da información publicada no portal, nin tampouco dos danos sufridos ou perdas económicas que, de xeito directo ou indirecto, produzan ou poidan producir prexuízos económicos, materiais ou sobre datos, provocados polo uso de dita información.<br/></p>



<h2 class="wp-block-heading">Lei aplicable</h2>



<p>A lei aplicable en caso de disputa ou conflito de interpretación dos termos que conforman este aviso legal, así como calquera cuestión relacionada cos servizos do presente portal, será a lei española.</p>



<p>Este portal, cuxo titular é a Asociación Rapa das bestas de Sabucedo, con domicilio en Sabucedo, 36684 Pontevedra.</p>
</div></div>

<p>Propiedade intelectual e industrial O deseño do portal e os seus códigos fonte, así como os logos, marcas e demais signos distintivos que aparecen nel pertencen á Asociación Rapa das bestas de Sabucedo e están protexidos polos correspondentes dereitos de propiedade intelectual e industrial. Responsabilidade dos contidos A Asociación Rapa das bestas de Sabucedo resérvase [&hellip;]</p>
