{"id":359,"date":"2025-08-19T11:27:04","date_gmt":"2025-08-19T09:27:04","guid":{"rendered":"https:\/\/rapa-g4ajg9g0cyhyd9dz.spaincentral-01.azurewebsites.net\/\/politica-de-privacidade\/"},"modified":"2025-09-11T11:25:53","modified_gmt":"2025-09-11T09:25:53","slug":"politica-de-privacidade","status":"publish","type":"page","link":"https:\/\/rapadasbestas.gal\/?page_id=359","title":{"rendered":"Pol\u00edtica de Privacidade"},"content":{"rendered":"\n<div class=\"wp-block-group prose max-w-none space-y-8\"><div class=\"wp-block-group__inner-container is-layout-constrained wp-block-group-is-layout-constrained\">\n<p>En virtude do disposto no Regulamento (UE) 2016\/679 do Parlamento Europeo e do Consello, do 27 de abril de 2016, relativo \u00e1 protecci\u00f3n das persoas f\u00edsicas no que respecta ao tratamento de datos persoais e \u00e1 libre circulaci\u00f3n destes datos, inf\u00f3rmaselle do seguinte:<\/p>\n\n\n\n<p>Os datos que nos comunique a trav\u00e9s desta p\u00e1xina web ser\u00e1n obxecto de tratamento.<\/p>\n\n\n\n<p>O responsable do tratamento dos seus datos \u00e9 a Asociaci\u00f3n Rapa das bestas de Sabucedo con domicilio en Sabucedo, A Estrada (Pontevedra). O seu enderezo de correo electr\u00f3nico para calquera tema relativo ao tratamento de datos de car\u00e1cter persoal \u00e9 rapadesabucedo@gmail.com <\/p>\n\n\n\n<p>A finalidade do tratamento \u00e9 a xesti\u00f3n das solicitudes das acreditaci\u00f3ns de prensa para poder habilitar o seu acceso ao curro.<\/p>\n\n\n\n<p>Os datos do interesado tam\u00e9n poder\u00e1n ser comunicados a empresas colaboradoras do responsable, coa finalidade de prestarlle servizos similares aos solicitados polo interesado ao responsable.<\/p>\n\n\n\n<p>As bases xur\u00eddicas do tratamento son:<br\/>\u2013 A satisfacci\u00f3n de intereses lex\u00edtimos do responsable (artigo 6.1.f) RGPD). Esta base xur\u00eddica usarase para aqueles tratamentos nos que non prevaleza un dereito ou liberdade do interesado pero que poidan favorecer o exercicio dos citados intereses lex\u00edtimos. Por exemplo: a xesti\u00f3n administrativa das habilitaci\u00f3ns de prensa.  <\/p>\n\n\n\n<p>Os datos persoais que se recollan atender\u00e1n en todo momento aos principios establecidos no artigo 5 RGPD, polo que ser\u00e1n tratados de xeito l\u00edcito, leal e transparente; recollidos con fins determinados, expl\u00edcitos e lex\u00edtimos; adecuados, pertinentes e limitados ao necesario; exactos e mantidos con limitaci\u00f3n do prazo de conservaci\u00f3n; e tratados con integridade e confidencialidade.<\/p>\n\n\n\n<p>A entidade adoptou as medidas t\u00e9cnicas e organizativas necesarias para garantir a seguridade e integridade dos datos, as\u00ed como para evitar a s\u00faa alteraci\u00f3n, perda, tratamento ou acceso non autorizados.<\/p>\n\n\n\n<p>Os seus datos persoais ser\u00e1n eliminados transcorrido o prazo legalmente establecido para o cumprimento das nosas obrigas legais, sempre e cando o interesado non autorizase expresamente a continuaci\u00f3n do seu uso.<\/p>\n\n\n\n<p>O interesado ten a posibilidade de solicitar ao responsable o acceso aos seus datos persoais, a s\u00faa rectificaci\u00f3n, a s\u00faa supresi\u00f3n, a limitaci\u00f3n do seu tratamento, opo\u00f1erse a devandito tratamento ou exercer a portabilidade dos datos que sexan tratados de forma automatizada.<\/p>\n\n\n\n<p>En caso de conflito, o interesado pode acudir \u00e1 Axencia Espa\u00f1ola de Protecci\u00f3n de Datos ou a calquera outra autoridade de control competente para entender das s\u00faas reclamaci\u00f3ns.<\/p>\n\n\n\n<p>O interesado pode retirar o seu consentimento en calquera momento, sen que iso afecte \u00e1 licitude dos tratamentos baseados no consentimento previo \u00e1 s\u00faa retirada.<br\/><\/p>\n\n\n\n<p>Os datos do interesado non ser\u00e1n usados para decisi\u00f3ns individuais automatizadas.<\/p>\n<\/div><\/div>\n","protected":false},"excerpt":{"rendered":"<p>En virtude do disposto no Regulamento (UE) 2016\/679 do Parlamento Europeo e do Consello, do 27 de abril de 2016, relativo \u00e1 protecci\u00f3n das persoas f\u00edsicas no que respecta ao tratamento de datos persoais e \u00e1 libre circulaci\u00f3n destes datos, inf\u00f3rmaselle do seguinte: Os datos que nos comunique a trav\u00e9s desta p\u00e1xina web ser\u00e1n obxecto [&hellip;]<\/p>\n","protected":false},"author":1,"featured_media":0,"parent":0,"menu_order":0,"comment_status":"closed","ping_status":"closed","template":"templates\/page-without-thumbnail.php","meta":{"_acf_changed":false,"footnotes":""},"class_list":["post-359","page","type-page","status-publish","hentry"],"acf":[],"_links":{"self":[{"href":"https:\/\/rapadasbestas.gal\/index.php?rest_route=\/wp\/v2\/pages\/359","targetHints":{"allow":["GET"]}}],"collection":[{"href":"https:\/\/rapadasbestas.gal\/index.php?rest_route=\/wp\/v2\/pages"}],"about":[{"href":"https:\/\/rapadasbestas.gal\/index.php?rest_route=\/wp\/v2\/types\/page"}],"author":[{"embeddable":true,"href":"https:\/\/rapadasbestas.gal\/index.php?rest_route=\/wp\/v2\/users\/1"}],"replies":[{"embeddable":true,"href":"https:\/\/rapadasbestas.gal\/index.php?rest_route=%2Fwp%2Fv2%2Fcomments&post=359"}],"version-history":[{"count":4,"href":"https:\/\/rapadasbestas.gal\/index.php?rest_route=\/wp\/v2\/pages\/359\/revisions"}],"predecessor-version":[{"id":535,"href":"https:\/\/rapadasbestas.gal\/index.php?rest_route=\/wp\/v2\/pages\/359\/revisions\/535"}],"wp:attachment":[{"href":"https:\/\/rapadasbestas.gal\/index.php?rest_route=%2Fwp%2Fv2%2Fmedia&parent=359"}],"curies":[{"name":"wp","href":"https:\/\/api.w.org\/{rel}","templated":true}]}}

Política de Privacidade

<div class="wp-block-group prose max-w-none space-y-8"><div class="wp-block-group__inner-container is-layout-constrained wp-block-group-is-layout-constrained">
<p>En virtude do disposto no Regulamento (UE) 2016/679 do Parlamento Europeo e do Consello, do 27 de abril de 2016, relativo á protección das persoas físicas no que respecta ao tratamento de datos persoais e á libre circulación destes datos, infórmaselle do seguinte:</p>



<p>Os datos que nos comunique a través desta páxina web serán obxecto de tratamento.</p>



<p>O responsable do tratamento dos seus datos é a Asociación Rapa das bestas de Sabucedo con domicilio en Sabucedo, A Estrada (Pontevedra). O seu enderezo de correo electrónico para calquera tema relativo ao tratamento de datos de carácter persoal é rapadesabucedo@gmail.com </p>



<p>A finalidade do tratamento é a xestión das solicitudes das acreditacións de prensa para poder habilitar o seu acceso ao curro.</p>



<p>Os datos do interesado tamén poderán ser comunicados a empresas colaboradoras do responsable, coa finalidade de prestarlle servizos similares aos solicitados polo interesado ao responsable.</p>



<p>As bases xurídicas do tratamento son:<br/>– A satisfacción de intereses lexítimos do responsable (artigo 6.1.f) RGPD). Esta base xurídica usarase para aqueles tratamentos nos que non prevaleza un dereito ou liberdade do interesado pero que poidan favorecer o exercicio dos citados intereses lexítimos. Por exemplo: a xestión administrativa das habilitacións de prensa.  </p>



<p>Os datos persoais que se recollan atenderán en todo momento aos principios establecidos no artigo 5 RGPD, polo que serán tratados de xeito lícito, leal e transparente; recollidos con fins determinados, explícitos e lexítimos; adecuados, pertinentes e limitados ao necesario; exactos e mantidos con limitación do prazo de conservación; e tratados con integridade e confidencialidade.</p>



<p>A entidade adoptou as medidas técnicas e organizativas necesarias para garantir a seguridade e integridade dos datos, así como para evitar a súa alteración, perda, tratamento ou acceso non autorizados.</p>



<p>Os seus datos persoais serán eliminados transcorrido o prazo legalmente establecido para o cumprimento das nosas obrigas legais, sempre e cando o interesado non autorizase expresamente a continuación do seu uso.</p>



<p>O interesado ten a posibilidade de solicitar ao responsable o acceso aos seus datos persoais, a súa rectificación, a súa supresión, a limitación do seu tratamento, opoñerse a devandito tratamento ou exercer a portabilidade dos datos que sexan tratados de forma automatizada.</p>



<p>En caso de conflito, o interesado pode acudir á Axencia Española de Protección de Datos ou a calquera outra autoridade de control competente para entender das súas reclamacións.</p>



<p>O interesado pode retirar o seu consentimento en calquera momento, sen que iso afecte á licitude dos tratamentos baseados no consentimento previo á súa retirada.<br/></p>



<p>Os datos do interesado non serán usados para decisións individuais automatizadas.</p>
</div></div>

<p>En virtude do disposto no Regulamento (UE) 2016/679 do Parlamento Europeo e do Consello, do 27 de abril de 2016, relativo á protección das persoas físicas no que respecta ao tratamento de datos persoais e á libre circulación destes datos, infórmaselle do seguinte: Os datos que nos comunique a través desta páxina web serán obxecto [&hellip;]</p>
