{"id":387,"date":"2025-08-29T10:12:07","date_gmt":"2025-08-29T08:12:07","guid":{"rendered":"https:\/\/rapa-g4ajg9g0cyhyd9dz.spaincentral-01.azurewebsites.net\/\/inicio\/planifica-a-tua-visita\/informacion-practica\/"},"modified":"2026-03-17T13:41:51","modified_gmt":"2026-03-17T12:41:51","slug":"informacion-practica","status":"publish","type":"page","link":"https:\/\/rapadasbestas.gal\/?page_id=387","title":{"rendered":"Informaci\u00f3n Pr\u00e1ctica"},"content":{"rendered":"\n<div class=\"wp-block-group prose max-w-none space-y-8\"><div class=\"wp-block-group__inner-container is-layout-constrained wp-block-group-is-layout-constrained\">\n<h2 class=\"wp-block-heading\">Como chegar e onde aparcar<\/h2>\n\n\n\n<p>Sabucedo at\u00f3pase no municipio da Estrada, a 37 km de Pontevedra e 42 km de Santiago. Durante a Rapa, impl\u00e1ntase un plan de tr\u00e1fico con acceso pechado \u00e1 vila para veh\u00edculos non autorizados a partir do venres. Habil\u00edtanse zonas de aparcamento gratu\u00edto pola Asociaci\u00f3n Rapa das Bestas, ademais de fincas privadas de pago. Acons\u00e9llase seguir as indicaci\u00f3ns da Garda Civil e os voluntarios para aparcar.   <\/p>\n\n\n\n<iframe loading=\"lazy\" src=\"https:\/\/www.google.com\/maps\/d\/embed?mid=1J0qwxiZrJk7lWwlFHFnCmY1AeqoNeDU&#038;ehbc=2E312F&#038;ll=42.59206666192136%2C-8.415281757114792&#038;z=16\" width=\"640\" height=\"480\"><\/iframe>\n\n\n\n<h2 class=\"wp-block-heading\">Aloxamento e gastronom\u00eda<\/h2>\n\n\n\n<p>A Asociaci\u00f3n da Rapa habilita zonas de acampada gratu\u00edta nunha contorna de carballos centenarios, con ba\u00f1os e duchas. Tam\u00e9n se poden atopar opci\u00f3ns de aloxamento na Estrada e os seus arredores. A oferta gastron\u00f3mica incl\u00fae polbeiras preto do Curro e o campo da festa, onde se poden degustar pratos locais. \u00c9 tradici\u00f3n que as familias se re\u00fanan para comer nas mesas de pedra da carballeira.   <\/p>\n\n\n\n<h2 class=\"wp-block-heading\">Consellos e recomendaci\u00f3ns<\/h2>\n\n\n\n<p>Para gozar da experiencia, recom\u00e9ndase levar roupa resistente (pantal\u00f3ns, botas de trekking) para protexerse da vexetaci\u00f3n, as\u00ed como crema solar e roupa impermeable segundo a previsi\u00f3n meteorol\u00f3xica. \u00c9 fundamental levar auga e comida para a xornada. P\u00eddeselle aos visitantes que respecten o medio ambiente, non fagan lume e depositen o lixo nos puntos habilitados. Ademais, acons\u00e9llase seguir sempre as indicaci\u00f3ns da organizaci\u00f3n.   <\/p>\n<\/div><\/div>\n","protected":false},"excerpt":{"rendered":"<p>Como chegar e onde aparcar Sabucedo at\u00f3pase no municipio da Estrada, a 37 km de Pontevedra e 42 km de Santiago. Durante a Rapa, impl\u00e1ntase un plan de tr\u00e1fico con acceso pechado \u00e1 vila para veh\u00edculos non autorizados a partir do venres. Habil\u00edtanse zonas de aparcamento gratu\u00edto pola Asociaci\u00f3n Rapa das Bestas, ademais de fincas [&hellip;]<\/p>\n","protected":false},"author":1,"featured_media":0,"parent":347,"menu_order":0,"comment_status":"closed","ping_status":"closed","template":"templates\/page-without-thumbnail.php","meta":{"_acf_changed":false,"footnotes":""},"class_list":["post-387","page","type-page","status-publish","hentry"],"acf":[],"_links":{"self":[{"href":"https:\/\/rapadasbestas.gal\/index.php?rest_route=\/wp\/v2\/pages\/387","targetHints":{"allow":["GET"]}}],"collection":[{"href":"https:\/\/rapadasbestas.gal\/index.php?rest_route=\/wp\/v2\/pages"}],"about":[{"href":"https:\/\/rapadasbestas.gal\/index.php?rest_route=\/wp\/v2\/types\/page"}],"author":[{"embeddable":true,"href":"https:\/\/rapadasbestas.gal\/index.php?rest_route=\/wp\/v2\/users\/1"}],"replies":[{"embeddable":true,"href":"https:\/\/rapadasbestas.gal\/index.php?rest_route=%2Fwp%2Fv2%2Fcomments&post=387"}],"version-history":[{"count":4,"href":"https:\/\/rapadasbestas.gal\/index.php?rest_route=\/wp\/v2\/pages\/387\/revisions"}],"predecessor-version":[{"id":1161,"href":"https:\/\/rapadasbestas.gal\/index.php?rest_route=\/wp\/v2\/pages\/387\/revisions\/1161"}],"up":[{"embeddable":true,"href":"https:\/\/rapadasbestas.gal\/index.php?rest_route=\/wp\/v2\/pages\/347"}],"wp:attachment":[{"href":"https:\/\/rapadasbestas.gal\/index.php?rest_route=%2Fwp%2Fv2%2Fmedia&parent=387"}],"curies":[{"name":"wp","href":"https:\/\/api.w.org\/{rel}","templated":true}]}}

Información Práctica

<div class="wp-block-group prose max-w-none space-y-8"><div class="wp-block-group__inner-container is-layout-constrained wp-block-group-is-layout-constrained">
<h2 class="wp-block-heading">Como chegar e onde aparcar</h2>



<p>Sabucedo atópase no municipio da Estrada, a 37 km de Pontevedra e 42 km de Santiago. Durante a Rapa, implántase un plan de tráfico con acceso pechado á vila para vehículos non autorizados a partir do venres. Habilítanse zonas de aparcamento gratuíto pola Asociación Rapa das Bestas, ademais de fincas privadas de pago. Aconséllase seguir as indicacións da Garda Civil e os voluntarios para aparcar.   </p>



<iframe loading="lazy" src="https://www.google.com/maps/d/embed?mid=1J0qwxiZrJk7lWwlFHFnCmY1AeqoNeDU&#038;ehbc=2E312F&#038;ll=42.59206666192136%2C-8.415281757114792&#038;z=16" width="640" height="480"></iframe>



<h2 class="wp-block-heading">Aloxamento e gastronomía</h2>



<p>A Asociación da Rapa habilita zonas de acampada gratuíta nunha contorna de carballos centenarios, con baños e duchas. Tamén se poden atopar opcións de aloxamento na Estrada e os seus arredores. A oferta gastronómica inclúe polbeiras preto do Curro e o campo da festa, onde se poden degustar pratos locais. É tradición que as familias se reúnan para comer nas mesas de pedra da carballeira.   </p>



<h2 class="wp-block-heading">Consellos e recomendacións</h2>



<p>Para gozar da experiencia, recoméndase levar roupa resistente (pantalóns, botas de trekking) para protexerse da vexetación, así como crema solar e roupa impermeable segundo a previsión meteorolóxica. É fundamental levar auga e comida para a xornada. Pídeselle aos visitantes que respecten o medio ambiente, non fagan lume e depositen o lixo nos puntos habilitados. Ademais, aconséllase seguir sempre as indicacións da organización.   </p>
</div></div>

<p>Como chegar e onde aparcar Sabucedo atópase no municipio da Estrada, a 37 km de Pontevedra e 42 km de Santiago. Durante a Rapa, implántase un plan de tráfico con acceso pechado á vila para vehículos non autorizados a partir do venres. Habilítanse zonas de aparcamento gratuíto pola Asociación Rapa das Bestas, ademais de fincas [&hellip;]</p>
