{"id":43,"date":"2025-08-22T10:44:37","date_gmt":"2025-08-22T08:44:37","guid":{"rendered":"https:\/\/rapa-g4ajg9g0cyhyd9dz.spaincentral-01.azurewebsites.net\/\/?page_id=43"},"modified":"2025-09-29T11:44:17","modified_gmt":"2025-09-29T09:44:17","slug":"planifica-tu-visita","status":"publish","type":"page","link":"https:\/\/rapadasbestas.gal\/?page_id=43&lang=es","title":{"rendered":"Planifica tu Visita"},"content":{"rendered":"\n<p>Aqu\u00ed encontrar\u00e1s toda la informaci\u00f3n pr\u00e1ctica que necesitas para organizar tu visita a la Rapa das Bestas y disfrutar de una experiencia inolvidable.<\/p>\n","protected":false},"excerpt":{"rendered":"<p>Aqu\u00ed encontrar\u00e1s toda la informaci\u00f3n pr\u00e1ctica que necesitas para organizar tu visita a la Rapa das Bestas y disfrutar de una experiencia inolvidable.<\/p>\n","protected":false},"author":1,"featured_media":638,"parent":47,"menu_order":0,"comment_status":"closed","ping_status":"closed","template":"templates\/page-with-cards.php","meta":{"_acf_changed":false,"footnotes":""},"class_list":["post-43","page","type-page","status-publish","has-post-thumbnail","hentry"],"acf":[],"_links":{"self":[{"href":"https:\/\/rapadasbestas.gal\/index.php?rest_route=\/wp\/v2\/pages\/43","targetHints":{"allow":["GET"]}}],"collection":[{"href":"https:\/\/rapadasbestas.gal\/index.php?rest_route=\/wp\/v2\/pages"}],"about":[{"href":"https:\/\/rapadasbestas.gal\/index.php?rest_route=\/wp\/v2\/types\/page"}],"author":[{"embeddable":true,"href":"https:\/\/rapadasbestas.gal\/index.php?rest_route=\/wp\/v2\/users\/1"}],"replies":[{"embeddable":true,"href":"https:\/\/rapadasbestas.gal\/index.php?rest_route=%2Fwp%2Fv2%2Fcomments&post=43"}],"version-history":[{"count":4,"href":"https:\/\/rapadasbestas.gal\/index.php?rest_route=\/wp\/v2\/pages\/43\/revisions"}],"predecessor-version":[{"id":121,"href":"https:\/\/rapadasbestas.gal\/index.php?rest_route=\/wp\/v2\/pages\/43\/revisions\/121"}],"up":[{"embeddable":true,"href":"https:\/\/rapadasbestas.gal\/index.php?rest_route=\/wp\/v2\/pages\/47"}],"wp:featuredmedia":[{"embeddable":true,"href":"https:\/\/rapadasbestas.gal\/index.php?rest_route=\/wp\/v2\/media\/638"}],"wp:attachment":[{"href":"https:\/\/rapadasbestas.gal\/index.php?rest_route=%2Fwp%2Fv2%2Fmedia&parent=43"}],"curies":[{"name":"wp","href":"https:\/\/api.w.org\/{rel}","templated":true}]}}