{"id":86,"date":"2025-08-26T10:01:22","date_gmt":"2025-08-26T08:01:22","guid":{"rendered":"https:\/\/rapa-g4ajg9g0cyhyd9dz.spaincentral-01.azurewebsites.net\/\/?page_id=86"},"modified":"2025-10-10T12:09:57","modified_gmt":"2025-10-10T10:09:57","slug":"origen-e-historia","status":"publish","type":"page","link":"https:\/\/rapadasbestas.gal\/?page_id=86&lang=es","title":{"rendered":"Origen e Historia"},"content":{"rendered":"\n<h2 class=\"wp-block-heading\">Fiesta declarada de inter\u00e9s tur\u00edstico internacional<\/h2>\n\n\n\n<p>La Rapa das Bestas de Sabucedo es una manifestaci\u00f3n cultural de gran autenticidad. Los actos comienzan con un ritual ancestral que rememora el v\u00ednculo de los caballos con lo divino, seguido de la subida al monte para agrupar las manadas salvajes. La fiesta culmina en el Curro, donde los \u00abaloitadores\u00bb inmovilizan a los caballos a mano para cortarles las crines, en un espect\u00e1culo de fuerza. El evento tambi\u00e9n ofrece zona de acampada y ocio nocturno.<\/p>\n\n\n\n<h2 class=\"wp-block-heading\">La Leyenda<\/h2>\n\n\n\n<p>La tradici\u00f3n popular de Sabucedo sostiene que el origen de la Rapa das Bestas se remonta a una gran peste. Para evitar el contagio, dos hermanas ofrecieron a San Lourenzo dos yeguas a cambio de su protecci\u00f3n. Tras la plaga, cumplieron su promesa, entregando los animales al p\u00e1rroco. Con el tiempo, las yeguas se multiplicaron, dando lugar a las manadas que hoy habitan los montes de la zona.<\/p>\n\n\n\n<p>Aunque no hay registros directos de este hecho en los libros parroquiales, existen top\u00f3nimos en la regi\u00f3n, como \u00abA Cabana\u00bb o \u00abCarballeira das Vellas,\u00bb que sugieren una posible conexi\u00f3n con la leyenda. La tradici\u00f3n oral podr\u00eda tener su base en las pestes documentadas a partir del siglo XVI, como la peste bub\u00f3nica de 1567, de la que existen registros hist\u00f3ricos en la Catedral de Santiago. No obstante, no hay pruebas en los documentos parroquiales, ya que estos comenzaron a escribirse a finales del siglo XVII, despu\u00e9s de las grandes plagas.<\/p>\n\n\n\n<h2 class=\"wp-block-heading\">Patrimonio Ancestral<\/h2>\n\n\n\n<p>No hay certeza sobre cu\u00e1ndo el pueblo de Sabucedo se relacion\u00f3 con las \u00abbestas\u00bb. Sin embargo, en los montes donde viven los caballos se encuentra un notable Patrimonio Ancestral. La zona est\u00e1 salpicada de numerosos petroglifos (grabados en roca) y m\u00e1moas (t\u00famulos funerarios) que datan de hace miles de a\u00f1os. Estos vestigios arqueol\u00f3gicos nos hablan de la antigua presencia humana y cultural en este entorno.<\/p>\n\n\n\n<h2 class=\"wp-block-heading\">Prospecci\u00f3n Arqueol\u00f3gica<\/h2>\n\n\n\n<p>As\u00ed como Roma tiene a R\u00f3mulo y Remo, la Rapa das Bestas de Sabucedo tiene dos madres legendarias. Una prospecci\u00f3n arqueol\u00f3gica ha conservado los vestigios de su supuesta vivienda, conocida como \u00abA Casa das Vellas\u00bb.<\/p>\n","protected":false},"excerpt":{"rendered":"<p>Fiesta declarada de inter\u00e9s tur\u00edstico internacional La Rapa das Bestas de Sabucedo es una manifestaci\u00f3n cultural de gran autenticidad. Los actos comienzan con un ritual ancestral que rememora el v\u00ednculo de los caballos con lo divino, seguido de la subida al monte para agrupar las manadas salvajes. La fiesta culmina en el Curro, donde los [&hellip;]<\/p>\n","protected":false},"author":1,"featured_media":557,"parent":7,"menu_order":0,"comment_status":"closed","ping_status":"closed","template":"templates\/page.php","meta":{"_acf_changed":false,"footnotes":""},"class_list":["post-86","page","type-page","status-publish","has-post-thumbnail","hentry"],"acf":[],"_links":{"self":[{"href":"https:\/\/rapadasbestas.gal\/index.php?rest_route=\/wp\/v2\/pages\/86","targetHints":{"allow":["GET"]}}],"collection":[{"href":"https:\/\/rapadasbestas.gal\/index.php?rest_route=\/wp\/v2\/pages"}],"about":[{"href":"https:\/\/rapadasbestas.gal\/index.php?rest_route=\/wp\/v2\/types\/page"}],"author":[{"embeddable":true,"href":"https:\/\/rapadasbestas.gal\/index.php?rest_route=\/wp\/v2\/users\/1"}],"replies":[{"embeddable":true,"href":"https:\/\/rapadasbestas.gal\/index.php?rest_route=%2Fwp%2Fv2%2Fcomments&post=86"}],"version-history":[{"count":10,"href":"https:\/\/rapadasbestas.gal\/index.php?rest_route=\/wp\/v2\/pages\/86\/revisions"}],"predecessor-version":[{"id":727,"href":"https:\/\/rapadasbestas.gal\/index.php?rest_route=\/wp\/v2\/pages\/86\/revisions\/727"}],"up":[{"embeddable":true,"href":"https:\/\/rapadasbestas.gal\/index.php?rest_route=\/wp\/v2\/pages\/7"}],"wp:featuredmedia":[{"embeddable":true,"href":"https:\/\/rapadasbestas.gal\/index.php?rest_route=\/wp\/v2\/media\/557"}],"wp:attachment":[{"href":"https:\/\/rapadasbestas.gal\/index.php?rest_route=%2Fwp%2Fv2%2Fmedia&parent=86"}],"curies":[{"name":"wp","href":"https:\/\/api.w.org\/{rel}","templated":true}]}}

<h2 class="wp-block-heading">Fiesta declarada de interés turístico internacional</h2>



<p>La Rapa das Bestas de Sabucedo es una manifestación cultural de gran autenticidad. Los actos comienzan con un ritual ancestral que rememora el vínculo de los caballos con lo divino, seguido de la subida al monte para agrupar las manadas salvajes. La fiesta culmina en el Curro, donde los «aloitadores» inmovilizan a los caballos a mano para cortarles las crines, en un espectáculo de fuerza. El evento también ofrece zona de acampada y ocio nocturno.</p>



<h2 class="wp-block-heading">La Leyenda</h2>



<p>La tradición popular de Sabucedo sostiene que el origen de la Rapa das Bestas se remonta a una gran peste. Para evitar el contagio, dos hermanas ofrecieron a San Lourenzo dos yeguas a cambio de su protección. Tras la plaga, cumplieron su promesa, entregando los animales al párroco. Con el tiempo, las yeguas se multiplicaron, dando lugar a las manadas que hoy habitan los montes de la zona.</p>



<p>Aunque no hay registros directos de este hecho en los libros parroquiales, existen topónimos en la región, como «A Cabana» o «Carballeira das Vellas,» que sugieren una posible conexión con la leyenda. La tradición oral podría tener su base en las pestes documentadas a partir del siglo XVI, como la peste bubónica de 1567, de la que existen registros históricos en la Catedral de Santiago. No obstante, no hay pruebas en los documentos parroquiales, ya que estos comenzaron a escribirse a finales del siglo XVII, después de las grandes plagas.</p>



<h2 class="wp-block-heading">Patrimonio Ancestral</h2>



<p>No hay certeza sobre cuándo el pueblo de Sabucedo se relacionó con las «bestas». Sin embargo, en los montes donde viven los caballos se encuentra un notable Patrimonio Ancestral. La zona está salpicada de numerosos petroglifos (grabados en roca) y mámoas (túmulos funerarios) que datan de hace miles de años. Estos vestigios arqueológicos nos hablan de la antigua presencia humana y cultural en este entorno.</p>



<h2 class="wp-block-heading">Prospección Arqueológica</h2>



<p>Así como Roma tiene a Rómulo y Remo, la Rapa das Bestas de Sabucedo tiene dos madres legendarias. Una prospección arqueológica ha conservado los vestigios de su supuesta vivienda, conocida como «A Casa das Vellas».</p>

<p>Fiesta declarada de interés turístico internacional La Rapa das Bestas de Sabucedo es una manifestación cultural de gran autenticidad. Los actos comienzan con un ritual ancestral que rememora el vínculo de los caballos con lo divino, seguido de la subida al monte para agrupar las manadas salvajes. La fiesta culmina en el Curro, donde los [&hellip;]</p>
