{"id":96,"date":"2025-08-26T11:24:18","date_gmt":"2025-08-26T09:24:18","guid":{"rendered":"https:\/\/rapa-g4ajg9g0cyhyd9dz.spaincentral-01.azurewebsites.net\/\/?page_id=96"},"modified":"2025-10-27T23:04:48","modified_gmt":"2025-10-27T22:04:48","slug":"protagonistas-bestas-y-aloitadores","status":"publish","type":"page","link":"https:\/\/rapadasbestas.gal\/?page_id=96&lang=es","title":{"rendered":"Protagonistas: Bestas y Aloitadores"},"content":{"rendered":"\n<h2 class=\"wp-block-heading\">As Bestas: Alma Salvaje de Pura Raza Galega<\/h2>\n\n\n\n<p>El Caballo Gallego de Pura Raza (PRG), conocido tradicionalmente como \u00abbesta\u00bb en Sabucedo, es un subtipo de caballo peque\u00f1o que vive en las zonas monta\u00f1osas de Galicia. A pesar de su vida en libertad, tiene un temperamento apacible, lo que lo hace ideal para equitaci\u00f3n terap\u00e9utica.<\/p>\n\n\n\n<p>En este contexto, cabe destacar que \u00abbesta\u00bb es el t\u00e9rmino que se le da a las yeguas, que son el principal activo de Sabucedo, ya que en cada manada puede haber varias \u00abbestas\u00bb pero un solo caballo. Al caballo dominante de cada manada se le llama \u00abgara\u00f1\u00f3n\u00bb. Seg\u00fan algunos zo\u00f3logos, esta raza es en realidad el antecesor de los caballos dom\u00e9sticos actuales y se les conoce como garranos en Portugal.<\/p>\n\n\n\n<p>El origen de esta raza se remonta a los celtas, que introdujeron un pony domesticado en el norte peninsular. Con el tiempo, se diferenci\u00f3 en varias razas similares a las que se encuentran en la fachada atl\u00e1ntica europea, manteniendo una estrecha relaci\u00f3n con razas como la jaca navarra y la pottoka. Estos caballos, que son incre\u00edblemente resistentes a las inclemencias del tiempo, conforman un ecosistema muy sensible.<\/p>\n\n\n\n<p>El Caballo Gallego de Pura Raza (PRG) es una raza de temperamento d\u00f3cil, valiente e inteligente, con un perfil recto, un peso ligero (165-300 kg) y una capa de color marr\u00f3n o negro. F\u00edsicamente, posee una cabeza proporcionada con orejas peque\u00f1as y ojos grandes y expresivos. Su tronco tiene un cuello con abundantes melenas, una cruz prominente y una l\u00ednea dorso-lumbar recta. Sus extremidades son delgadas, cortas y fuertes, con cascos peque\u00f1os y duros de color oscuro. Las crines y la cola son muy pobladas, y a veces, presentan pelo en el labio superior y la barbilla.<\/p>\n\n\n\n<h2 class=\"wp-block-heading\">Os Aloitadores: La Tradici\u00f3n Persona a Persona<\/h2>\n\n\n\n<p>La figura del \u00abaloitador\u00bb es la esencia de la Rapa. Son las personas que, con su habilidad y valor, se enfrentan cuerpo a cuerpo a las bestas en el curro. El trabajo del aloitador no se limita a la Rapa; durante todo el a\u00f1o, los vecinos de Sabucedo se encargan de su seguimiento, controlando ataques de lobos y recogiendo ejemplares heridos.<\/p>\n\n\n\n<p>La t\u00e9cnica del \u00abaloitamento\u00bb se basa en un estricto c\u00f3digo de respeto y ma\u00f1a que se ha transmitido de generaci\u00f3n en generaci\u00f3n. Esta t\u00e9cnica consiste en inmovilizar al animal sin usar m\u00e1s herramientas que el propio cuerpo, mediante la acci\u00f3n coordinada de un equipo de tres aloitadores. En el curro, jam\u00e1s se ha dejado de rapar a ning\u00fan caballo por fiero que fuese.<\/p>\n\n\n\n<p>Esta tradici\u00f3n ha demostrado su resiliencia a lo largo del tiempo. La Rapa das Bestas nunca ha dejado de realizarse; incluso durante la Guerra Civil, cuando los hombres combat\u00edan en el frente, fueron las mujeres del pueblo quienes se encargaron de continuarla. Hoy en d\u00eda, la creciente presencia de mujeres aloitadoras asegura que esta tradici\u00f3n sea inclusiva y siga viva.<\/p>\n","protected":false},"excerpt":{"rendered":"<p>As Bestas: Alma Salvaje de Pura Raza Galega El Caballo Gallego de Pura Raza (PRG), conocido tradicionalmente como \u00abbesta\u00bb en Sabucedo, es un subtipo de caballo peque\u00f1o que vive en las zonas monta\u00f1osas de Galicia. A pesar de su vida en libertad, tiene un temperamento apacible, lo que lo hace ideal para equitaci\u00f3n terap\u00e9utica. En [&hellip;]<\/p>\n","protected":false},"author":1,"featured_media":574,"parent":7,"menu_order":0,"comment_status":"closed","ping_status":"closed","template":"templates\/page.php","meta":{"_acf_changed":false,"footnotes":""},"class_list":["post-96","page","type-page","status-publish","has-post-thumbnail","hentry"],"acf":[],"_links":{"self":[{"href":"https:\/\/rapadasbestas.gal\/index.php?rest_route=\/wp\/v2\/pages\/96","targetHints":{"allow":["GET"]}}],"collection":[{"href":"https:\/\/rapadasbestas.gal\/index.php?rest_route=\/wp\/v2\/pages"}],"about":[{"href":"https:\/\/rapadasbestas.gal\/index.php?rest_route=\/wp\/v2\/types\/page"}],"author":[{"embeddable":true,"href":"https:\/\/rapadasbestas.gal\/index.php?rest_route=\/wp\/v2\/users\/1"}],"replies":[{"embeddable":true,"href":"https:\/\/rapadasbestas.gal\/index.php?rest_route=%2Fwp%2Fv2%2Fcomments&post=96"}],"version-history":[{"count":7,"href":"https:\/\/rapadasbestas.gal\/index.php?rest_route=\/wp\/v2\/pages\/96\/revisions"}],"predecessor-version":[{"id":794,"href":"https:\/\/rapadasbestas.gal\/index.php?rest_route=\/wp\/v2\/pages\/96\/revisions\/794"}],"up":[{"embeddable":true,"href":"https:\/\/rapadasbestas.gal\/index.php?rest_route=\/wp\/v2\/pages\/7"}],"wp:featuredmedia":[{"embeddable":true,"href":"https:\/\/rapadasbestas.gal\/index.php?rest_route=\/wp\/v2\/media\/574"}],"wp:attachment":[{"href":"https:\/\/rapadasbestas.gal\/index.php?rest_route=%2Fwp%2Fv2%2Fmedia&parent=96"}],"curies":[{"name":"wp","href":"https:\/\/api.w.org\/{rel}","templated":true}]}}